 g + 7. Let b(l) = -l**2 - 2*l + 3. Let m be b(2). Let n be o(m). Suppose -5*d + n*p - 4*p = -19, 3*d - 30 = 5*p. What is the units digit of d?
5
What is the units digit of -6*3/((-36)/92)?
6
Let v(a) = -a. Let d be v(5). Let h = d - -11. What is the units digit of h?
6
Let g be (3 + -3)/(2*-1). Let n(c) = -2*c**2 + 4*c - 2. Let t be n(3). Let a = g - t. What is the units digit of a?
8
Let k = 12 - 7. Suppose -k*w = 5*f - 0 + 5, 0 = 5*f - 3*w + 29. What is the units digit of 5/((-30)/f)*3?
2
Let y = -4 - -8. Suppose 0 = d - y - 9. What is the units digit of d?
3
Suppose -5*q = 4*l + 4, 4*q - 4*l - 1 = 3. Suppose 3*d - 15 = q, 0*d = 2*b + 2*d - 46. What is the units digit of 1*(b + 1) - 3?
6
Suppose -20 = -5*j - l, 0*j = -3*j - 2*l + 12. What is the units digit of j?
4
Suppose -f + 6 = 2*l, -2*f - 4*l = -7*l - 19. What is the units digit of f?
8
Let q = 14 + -12. Suppose -o + q*o = 4*s - 84, 0 = 2*o + 8. What is the tens digit of s?
2
Suppose 8 = 3*z - z. Let d(p) = p + 2. Let t(j) = -j + 1. Let v(b) = -d(b) - 4*t(b). What is the units digit of v(z)?
6
Suppose 0 = 4*u - 2*m, u + 3*m + 2 = 6*u. What is the units digit of (39/12)/(u/(-16))?
6
Suppose -345 = -4*z + 3*a, 0 = -5*z + 5*a + 122 + 308. What is the tens digit of z?
8
Let k be (2 - 1 - 1)/(-1). Let b be 41 - (-2 + (1 - k)). Suppose -3*r + b = 4*u, 3*u = 3*r - r + 40. What is the units digit of u?
2
Let l = 21 - 13. Suppose 0 = 3*x - 20 - 100. Suppose -l = -4*n + x. What is the tens digit of n?
1
Let m be (-120)/28 - (-2)/7. Let n be 2*3 + 2 + m. Let b = n - 2. What is the units digit of b?
2
Let l = -13 - -13. Suppose -8 = 4*n - 4*c, 2*n + c - 12 = -c. Suppose l*b - b + n = 0. What is the units digit of b?
2
Let a = -7 + 6. What is the units digit of ((-3)/6)/(a/10)?
5
Suppose -11*t - 156 = -14*t. What is the tens digit of t?
5
Let w be 16/(-6) + 2/(-6). Let h(x) be the second derivative of -x**5/20 - x**4/4 - x**3/3 - 3*x**2/2 - 8*x. What is the units digit of h(w)?
3
Suppose 6*n - 2*n = -16. What is the units digit of n/14 + 116/14?
8
Let j(l) = -l**3 - 11*l**2 + l + 15. Let a be j(-11). Suppose -w = 2 - a. Suppose 4*q + 18 = k, 5*k + w*q + 3*q - 65 = 0. What is the tens digit of k?
1
Let v = -10 - -3. Let l(i) be the third derivative of -i**5/60 - 3*i**4/8 - i**3/6 + 6*i**2. What is the tens digit of l(v)?
1
Let b = 6 + 2. What is the units digit of b?
8
Let a = -30 + 55. What is the tens digit of a?
2
Let q = 157 + -56. What is the tens digit of q?
0
Let q(y) = -2*y + 5. Let j be q(-4). Suppose -11*v + j*v - 10 = 0. What is the units digit of v?
5
Let b(s) = -s + 2. Let j be b(-2). Suppose -j*o + g + 46 = 13, -3*o - 4*g + 39 = 0. What is the units digit of o?
9
Let c(x) = x**2 - 16*x - 14. What is the hundreds digit of c(28)?
3
Let r be 8/3 + 2/6. Let s = r - 3. Suppose s*d = d - 4. What is the units digit of d?
4
Let i(n) = n + 4. Let u be i(-4). Let d(z) = -z**3 + 6*z**2 + z + 3. Let s be d(6). Suppose j - 3*m = -2*m + s, m + 1 = u. What is the units digit of j?
8
Suppose 2*r + 2 = 0, 3*l - 2*r + 13 = -6. Let m = 33 + l. What is the tens digit of m?
2
Suppose 0 = -4*p + 5*p + 24. What is the units digit of (p/9)/(-1)*6?
6
Let k(a) = -a**2 + 9*a - 1. Let i be k(8). Suppose i*j - 5 = 2*j. What is the units digit of j?
1
Suppose 0 = -j - 3 + 7. Suppose j*r - 4*n = 128, 3*r - 35 = n + 71. What is the units digit of r?
7
Suppose 2*z = 2*j + 3*j - 22, -4*j + 8 = -4*z. Suppose 2*u - 2 - j = 0. Suppose 2*w + u = 6*w. What is the units digit of w?
1
Let z(q) = -46*q + 3. What is the tens digit of z(-2)?
9
Let s(y) = 26*y + 18. What is the hundreds digit of s(7)?
2
Suppose -4*s + 14 = -2*h, -2*s - 8 + 21 = 5*h. Suppose -s*y + 4*b + 72 = 0, 0 = 2*y + 4*b - 21 + 3. Let w = -9 + y. What is the units digit of w?
6
Suppose 48 = -0*k - 3*k. Let u = -7 - k. What is the units digit of u?
9
Suppose 3*a + 40 = 7*a. Suppose -c + a = -g + 4, 2*g = -4*c + 12. Suppose -c*u = -u - 27. What is the units digit of u?
9
Suppose m + 4*m = 220. What is the tens digit of m?
4
Suppose 0 = -2*w - 2 + 4, 2*z + 3*w = 11. Suppose 0 = -3*c - 2*b + 28, -z*c + 0*b = -2*b - 14. What is the units digit of c?
6
Let p = 21 + -11. Suppose -j - j = -p. Suppose 4*a = j*v - 62, -3*a = v - 4*v + 39. What is the units digit of v?
0
Suppose -b + 3 = -0. Suppose d + b*d = 4. What is the units digit of d?
1
Suppose 0 = -s - 0*s + 5. Let t = s + -8. Let r = -1 - t. What is the units digit of r?
2
Suppose 0 = h + 4 - 14. Let p = 25 - h. What is the tens digit of p?
1
Suppose 2 = 3*k - y, -2 + 12 = -2*k - 5*y. Suppose 0 = -4*m + u + 39, k*u - 7 = -m + 3*u. What is the units digit of m?
0
Let j = 173 + -55. What is the hundreds digit of j?
1
Suppose -3*t + 2 = -4. Let o(i) = i + 4 - 4 + 12*i**t + 1. What is the tens digit of o(-1)?
1
Suppose 3*j = 2*j - 11. Let k = j - -17. What is the units digit of k?
6
What is the tens digit of 813*3/9 + 4?
7
Suppose -2*k = -8, t + 0*t = -3*k + 63. Suppose -9 = -2*r - 5*i, 5*i + 6 - t = -5*r. What is the tens digit of r?
1
Suppose 0*j = -2*j - 4. What is the units digit of 10/8 - j/(-8)?
1
Let f = 432 + -113. What is the units digit of f?
9
Let d = 11 + 2. What is the units digit of d?
3
Suppose 3*u = -p + 102, 0*u - 2*u - 2*p = -64. Let x = u + -22. What is the tens digit of x?
1
Let b be 8*2/4*-5. What is the units digit of b/(-3) + 8/(-12)?
6
Let z = 50 - 21. Let u = -19 + z. What is the units digit of u?
0
Let a(n) = -2*n**2 - 4*n + 1. Let d be a(-3). Let v = d + 14. What is the units digit of v?
9
Let g be 0/(-1 - 0) + 3. Suppose b - 12 = g*b. What is the units digit of (b - -5)/(1/(-7))?
7
Let n = 13 + -5. Suppose -n*u = -3*u - 80. What is the units digit of u?
6
Let o(d) = -28*d**3 - d**2 - d. Let a be o(-1). Let q = a + -16. What is the units digit of q?
2
Suppose -5*b = 2*l + 11, 0 = 3*l - 2*l - 5*b - 17. Suppose -g = -l*g + 12. What is the tens digit of g?
1
Let a(n) = -n**3 - 2*n**2 + 3*n + 3. Let r be a(-2). Let m be (-7)/r + 4/6. Suppose q + 6 = 4*q + m*b, 5*q = -3*b + 18. What is the units digit of q?
6
Suppose 5*r - 460 = 215. What is the tens digit of r?
3
Let x be (-15)/5 - 2*-2. Suppose -y + 4 = x. What is the units digit of y?
3
Suppose 12*i - 1610 = -2*i. What is the units digit of i?
5
Suppose 164 = 3*n - 37. What is the units digit of n?
7
Let x(w) = 32*w - 1. Let f be x(2). Suppose 4*l - f - 13 = 0. Let h = l + -8. What is the tens digit of h?
1
Let r(k) = 6 + 2*k - k**3 - 2 - 2*k. What is the units digit of r(0)?
4
What is the units digit of ((-11)/2)/((-4)/24)?
3
Let i be ((-6)/(-3))/((-2)/(-3)). Suppose -3*p + 35 = -0*g - 4*g, -i*g = 15. Suppose -10 = -4*r + p*s - 3, 0 = 2*r + 2*s - 8. What is the units digit of r?
3
What is the units digit of (14/(-5) + 3)/((-1)/(-5))?
1
Suppose 0 = t + 4*l - 37, -t + l + 124 = 2*t. What is the units digit of t?
1
Suppose -6*u + 3*u + 3*r - 15 = 0, 4*u - 5*r = -25. What is the units digit of (0 - (u + 0)) + 2?
2
Let x(o) = -o**3 + 10*o**2 + o - 10. Let n be x(10). Suppose f + 9 = 2*c - 17, -5*f = n. What is the tens digit of c?
1
Suppose 0 = 4*b + 2*s - 20, -22 = -4*b - 6*s + 3*s. Suppose 0*h + 4*h - b = 0. What is the units digit of h?
1
Let v be (1 + 4)*(-3)/3. Let h(z) = z + 4. Let d be h(v). What is the units digit of -1 + d + 19 + -6?
1
Suppose 2*i - 136 = -2*i. Suppose y - 14 = t - 1, 0 = 3*y - 2*t - i. Suppose 0 = m + 1, 0*m = 4*w - 4*m - y. What is the units digit of w?
1
Let b(v) = -v**3 - 4*v**2 + 13*v + 8. What is the units digit of b(-6)?
2
What is the units digit of 63/(-9) + 9 - 19*-3?
9
Suppose n = 2*y - 54, 3*n = -y + 2*y - 17. What is the tens digit of y?
2
Let f be (-11)/(-6) + 3/18. Suppose 15 = 2*c - y, 5*c + 2*y + f*y - 44 = 0. What is the units digit of c?
8
Let z be (10/(-15))/((-4)/(-42)). Let i = z - -12. What is the units digit of i?
5
Let l be (-7)/(-3) - 16/(-24). Suppose 0 = p - 5*r + r - 35, -p = 4*r - l. What is the units digit of p?
9
Let h = 19 + -16. What is the units digit of h?
3
Let m(v) = 1 - 5 - v + 0. Let n be m(-4). Suppose 0 = -2*o - n*o + 2. What is the units digit of o?
1
Suppose -5*g + 36 + 39 = 0. What is the tens digit of g?
1
Let h be 1 + (-58)/(-1 - -3). Let n = 42 + h. What is the units digit of n?
4
Suppose 0*u = -4*u + 12. Suppose 0 = m - 1 + 3. Let d = m + u. What is the units digit o